alculate 0 + (-10 - (-2 + -3)) + 3.
-2
What is (-1 - -2) + 2 - -1?
4
7 - (8 - (-2 + 7) - -3)
1
Evaluate (3 + -1 - 3) + 0.
-1
Calculate -1 - (-3 + 1 + (4 - 0)).
-3
(-2 - -2) + (0 - -4 - 6)
-2
Evaluate -5 + 7 + -3 - -6.
5
Calculate -1 + (-3 - -6 - (3 - 5)).
4
2 + (-2 - (5 - 9) - -2)
6
Evaluate 5 - 0 - (21 - (-14 - -30)).
0
What is the value of -2 + -2 + 6 - 4?
-2
Calculate 3 + -1 - (-4 + 9).
-3
Evaluate -4 - (1 + 0 + -5 + 2).
-2
-1 + (-1 - (3 - 2))
-3
What is the value of 1 - (0 + 1 - 2)?
2
Evaluate 11 + (8 - 11) + -5.
3
What is the value of 0 + -1 + 0 + 2?
1
What is the value of 12 + -5 + -3 - 7?
-3
Evaluate -2 + 0 + -4 + 2.
-4
Evaluate -3 + 0 + 6 - 6.
-3
What is the value of (1 - 3) + 2 + 3?
3
Calculate 11 + (17 + -6 - 18).
4
Calculate -2 + 3 + -5 + -2 + 4.
-2
What is the value of 6 - (0 + 10 + -5)?
1
12 + -3 - 3 - (11 - 0)
-5
Evaluate (5 - -2) + -1 - 9.
-3
What is 2 + -2 + -4 + -1?
-5
What is (-2 + 8 - 3) + (4 - 9)?
-2
-11 - (-3 + 1 + -4)
-5
Calculate 3 - (-2 + -10 + 6 + 3).
6
Evaluate 4 + 1 + (-3 - (-2 - -1)).
3
What is -3 - (-7 - (10 + -6))?
8
What is 5 - (-2 + -2 + 10 - 4)?
3
What is the value of (1 - (-6 - -6)) + 2?
3
What is the value of 1 + -5 - -2 - 2?
-4
Calculate 6 + (-8 - (-3 + 6)).
-5
Evaluate 3 - 1 - (4 - (-8 - -12)).
2
What is the value of 10 - (16 + 4) - -9?
-1
What is -3 + 1 + 11 + -10?
-1
What is -3 - 1 - (-6 - (-3 + 9))?
8
What is the value of 1 + -5 + 1 + 7 + -14?
-10
Evaluate 0 - 3 - (2 + -8 - 2).
5
What is the value of (-4 - (3 - 9)) + -6 + 3?
-1
Calculate -13 + (11 + -10 - -9).
-3
Evaluate 5 + -5 + -1 - -5.
4
What is the value of 0 + 4 + 1 + -1?
4
What is the value of 5 - ((-5 - -3) + 10 + 0)?
-3
-4 + (7 - 5) - -1
-1
Calculate 4 + (-4 - 0 - -2).
2
Calculate -5 + 15 - 5 - 5.
0
Calculate -2 + -1 - (-15 + 11) - -4.
5
-1 + 8 + -2 + -5 + -1
-1
-9 + 0 - (18 + -22)
-5
What is the value of 4 - 3 - 0 - (0 - -1)?
0
What is (-14 - -17) + -3 + -2?
-2
What is -2 - (3 - 5 - (4 - -1))?
5
What is the value of (-32 - -31) + 0 + 1?
0
What is the value of (5 - (0 + -4)) + -8?
1
What is 2 - (5 - (1 - 0))?
-2
Evaluate 11 + (0 - 6 - -1) + 1.
7
What is the value of (-4 - (-4 + 5)) + 2 - -2?
-1
(-15 - -1) + (-3 - -20)
3
What is 2 - (1 - (-6 + 8))?
3
Evaluate -3 - ((-1 - -7) + -13).
4
27 + -19 - (8 + -2)
2
Calculate 4 - 4 - (-3 - (1 + -1)).
3
-10 + 6 + 7 + (-3 - 1)
-1
Calculate -1 + (2 + -5 - -6).
2
Calculate -21 + (-10 - -7 - -15).
-9
(0 - -6) + 4 + -8
2
What is -1 + -5 - -2 - (-2 + 2)?
-4
What is -15 + 17 - (-1 + 1 + 8)?
-6
What is (-4 - 2) + 6 - 8?
-8
What is 12 + -6 - (5 + 0)?
1
What is (-3 - 3) + 2 + -1?
-5
What is the value of -6 + 11 + -5 + 2?
2
Evaluate 1 + (2 + -5 - 3) - -11.
6
-2 + 1 + 0 + 7 - 5
1
-4 - (7 - 7 - 2)
-2
Evaluate -4 + (-3 - -5) + 2.
0
What is the value of (10 - 13) + 9 - 8?
-2
Calculate -1 + -2 + 2 + 2 - -3.
4
Evaluate (1 - (8 + -8)) + (-4 - -2).
-1
Calculate 2 + (2 - 1) + -3 - 1.
-1
Evaluate (5 - 1) + -4 + 3.
3
Calculate -2 - 16 - -2 - -3 - -4.
-9
2 - (-11 - -9) - (-2 + 2)
4
What is 1 + -4 - (-9 - -1)?
5
What is the value of 9 - (3 + 1) - (5 + 1)?
-1
What is the value of 4 - (-5 + 1 + 2 - -11)?
-5
What is -239 + 239 - (1 + 4 + -2)?
-3
What is the value of -12 - -13 - (1 + 5)?
-5
What is the value of 2 + 12 - (23 - 12)?
3
1 - 3 - (0 + 5 + -3)
-4
What is (-2 + 1 - -4) + 2?
5
What is -6 + (0 - -1 - (-4 + 4))?
-5
What is 5 - 1 - (22 + -15)?
-3
What is 49 - 44 - (1 + -4)?
8
Calculate -8 - ((-4 - 4) + 5).
-5
Calculate (-4 - (1 + -8)) + -3.
0
Calculate 1 - (5 + -6 - -3) - -1.
0
4 + (-12 - (-7 + 3))
-4
Calculate -1 + 0 + (6 + -3 - -1).
3
4 - (10 + -13 - -3)
4
3 + -11 + 10 + 7
9
What is (-2 - (-4 + 12 + -4)) + 1?
-5
Calculate (3 - -2) + (4 - 9) - -5.
5
What is -5 + 0 + (5 - 4)?
-4
What is (-1 + -8 - 5) + 21?
7
Calculate 15 + -9 + 4 - 5.
5
What is the value of 3 + -10 - ((2 - 9) + 1)?
-1
What is the value of -10 - (-2 - (8 - -2))?
2
1 + -2 - (-2 + 3)
-2
Evaluate (52 - 51) + 1 + 0.
2
-1 + (-1 - 5 - -5)
-2
Evaluate -2 + (-11 - -5 - -15).
7
Calculate 5 - (-9 - -5 - -7 - -8).
-6
What is -3 - (-6 - (2 + -4) - -5)?
-4
Calculate -4 + -3 + (5 - -14) - 7.
5
What is the value of 0 - (4 - 3) - (0 - -2)?
-3
What is the value of 59 - 54 - (13 - 1)?
-7
Evaluate 7 + -11 + (2 - -10).
8
Evaluate 10 + -13 - (0 + -1).
-2
What is (-25 - -12) + 11 - (0 + -1)?
-1
(-9 - -3) + 2 - -1
-3
Evaluate 8 + -9 + 2 + -1.
0
Evaluate 3 + -9 + -3 + 14.
5
Evaluate 4 - (0 + -1 + -2 + 4).
3
Evaluate 4 - (2 + 5) - 3.
-6
3 + -7 + 3 - 2
-3
What is the value of 8 - (-10 + 5 - -7)?
6
What is the value of (-6 - 0 - (2 + -5)) + -3?
-6
Evaluate (0 - (-7 + 2)) + -22 + 9.
-8
Evaluate -3 + 0 - (2 + -2 - 4).
1
Evaluate -1 - (-2 - 1) - (7 + 0).
-5
What is 0 + -6 + (2 - (0 - 1))?
-3
Evaluate (-7 - -8 - 10) + 9.
0
What is the value of 4 + (1 - 6) + -4 - -3?
-2
What is (2 - 11 - 1) + (0 - -3)?
-7
What is the value of (-2 - -7) + -4 - -1?
2
Calculate (4 + -12 - -4) + (-3 - -9).
2
Calculate (-1 + 4 - 0) + (-2 - 0).
1
What is the value of -2 - ((-9 - 1) + 3)?
5
Calculate (5 - 2) + 1 - (-3 - -6).
1
What is the value of 3 - (-2 + (-5 - -10))?
0
2 - (2 - 7) - (-4 - -12)
-1
Evaluate (0 - 1 - 4) + (36 - 28).
3
What is the value of 146 + -140 - (8 + -2)?
0
Calculate -9 + (8 - (2 + -11)).
8
0 - (-2 - (-2 - 5))
-5
What is (-10 - -9) + (-2 - 2)?
-5
Calculate 1 + -13 + -185 + 192.
-5
Calculate -4 + -5 + 10 + -1.
0
What is the value of (-9 - (1 + (-1 - 4))) + 4?
-1
Evaluate 1 + (-3 - -1 - -4).
3
What is the value of (7 - 15) + 7 - (-2 + 7)?
-6
-3 + 4 - (-3 + 4)
0
Calculate 0 + 3 + -30 + 26.
-1
What is -11 + (-10 - -18) + (1 - -1)?
-1
What is 7 + -12 + 2 - (-2 + 1)?
-2
(4 - 1) + 1 + -3 + 5
6
What is the value of 7 + -10 + (10 - 1)?
6
Evaluate 6 - (9 + -13 - -16).
-6
What is 8 + (6 + 2 - 11)?
5
5 - 6 - (1 + 1 + 1)
-4
-3 - (1 + -3 - (-9 + 7))
-3
What is the value of 2 + (1 - (2 + 0)) + 1?
2
Evaluate -1 + 5 + -5 - -4.
3
What is -3 - (-2 + -10 - -7)?
2
Evaluate 4 - (3 + -3 + 3).
1
What is the value of 6 + -13 + -3 + 17?
7
Evaluate 7 + -2 - (-12 - -15).
2
Evaluate -2 - (4 - 1 - (11 - 10)).
-4
Calculate 5 + ((5 - 2) + -6 - -1).
3
What is -5 - (-1 + -4 - 3)?
3
Evaluate 4 - (-4 - (-1 - (9 - 3))).
1
Evaluate -4 + -1 + -3 + 7 - 4.
-5
Calculate (-14 - -11) + (-1 - -6) + -6.
-4
Calculate 6 + -1 + -11 + 2.
-4
Evaluate 5 + -2 - -1 - (-2 + 9).
-3
What is (5 - (-4 - -6)) + -6 - -3?
0
What is 0 - 4 - -3 - 1?
-2
Calculate -1 + 3 + -3 - 2.
-3
(4 - -1) + -70 + 69
4
Calculate -22 + 24 + -5 + -2.
-5
Evaluate (7 - 4) + (-10 - (-3 - -2)).
-6
What is the value of ((11 - 6) + -4 - -5) + -2?
4
What is the value of -3 + 0 + (10 - (3 - -3))?
1
Calculate (8 - 9) + -3 + 0.
-4
What is the value of 75 + -69 + (0 - 2)?
4
0 - (-5 + 2 - -8)
-5
What is the value of -3 + 4 + -2 - 2 - -3?
0
Calculate 6 + -2 + -5 - 2.
-3
What is the value of 1 - 1 - (9 + -12) - 8?
-5
Calculate (4 - 0) + -7 + 7.
4
Evaluate (6 - 1) + -5 - (-1 - 0).
1
What is the value of 7 + (-8 - (-3 + 2))?
0
Calculate 0 + (-2 - (-1 - 4) - 8).
-5
-2 - (6 + -7 + 3)
-4
Evaluate 2 + -13 + 6 + 1 + -4.
-8
What is (2 + 10 - 9) + 0 + 2?
5
What is -3 + (-3 - 0) - (-2 - 0)?
-4
What is the value of 15 + (-25 - -9) - (0 + 1)?
-2
What is the value of -6 - (5 + 1 + -13) - 3?
-2
What is (-1 - 11) + (176 - 156)?
8
Calculate (-3 - 2 - (-1 + 2)) + 3.
-3
Calculate -5 + (13 - 0 - 8).
0
Calculate (-11 + 0 - (23 - 26)) + 4.
-4
What is the value of (-9 - (4 + -3)) + 4 + 4?
-2
Evaluate (0 - -1) + (-69 - -68).
0
1 + (1 - -4) + -6 + 0
0
What is the value of (1 - 13) + -5 + 26?
9
Evaluate 0 - -6 - (1 - 3 - -3).
5
What is 11 + -13 + (-8 - -9)?
-1
Evaluate -1 + (3 + 1 - -1).
4
-2 - (0 - -1 - 1)
-2
What is -7 - (-11 - (-13 + 10))?
1
-4 + 4 - -2 - 2 - 4
-4
Evaluate (10 - 21) + 16 + 3 + -10.
-2
Calculate -6 + 2 + (2 + 0 - 0).
-2
Calculate -4 + 3 + -5 + 4 + 3.
1
What is 5 + -4 - 3 - (1 - 7)?
4
Evaluate -2 + (9 - 14 - (-7 - -1)).
-1
What is the value of 7 - (-9 + 8 - -3)?
5
0 - (-3 + -2 + 6 + 1)
-2
What is the value of 14 - 15 - (9 + (-2 - 1))?
-7
Evaluate 1 - ((-1 - (2 + -2)) + 7).
-5
What is the value of 5 + 8 + -2 + -6?
5
Calculate -4 - (4 - 3) - (8 - 10).
-3
What is the value of (-3 - 7) + (22 - 15)?
-3
What is (-2 - 1) + 3 + -2 + -3?
-5
Calculate 0 - (-4 - 0) - (-2 - -7).
-1
Evaluate 58 + -54 + -2 + -7.
-5
Evaluate (8 - 22 - -8) + 6.
0
2 + 0 + (-4 - -5)
3
Evaluate -7 + (-4 - -2 - -3 - -2).
-4
Eval